{"version":"1.0","provider_name":"Mit Liebe gebastelt","provider_url":"https:\/\/www.xn--krtler-3ya.com\/de","author_name":"admin","author_url":"https:\/\/www.xn--krtler-3ya.com\/de\/author\/youssef","title":"Ist Afyonkarahisar kurdisch? - Mit Liebe gebastelt","type":"rich","width":600,"height":338,"html":"<blockquote class=\"wp-embedded-content\" data-secret=\"xX8387b6Wh\"><a href=\"https:\/\/www.xn--krtler-3ya.com\/de\/ist-afyonkarahisar-kurdisch.html\">Ist Afyonkarahisar kurdisch?<\/a><\/blockquote><iframe sandbox=\"allow-scripts\" security=\"restricted\" src=\"https:\/\/www.xn--krtler-3ya.com\/de\/ist-afyonkarahisar-kurdisch.html\/embed#?secret=xX8387b6Wh\" width=\"600\" height=\"338\" title=\"&#8222;Ist Afyonkarahisar kurdisch?&#8220; &#8211; Mit Liebe gebastelt\" data-secret=\"xX8387b6Wh\" frameborder=\"0\" marginwidth=\"0\" marginheight=\"0\" scrolling=\"no\" class=\"wp-embedded-content\"><\/iframe><script type=\"text\/javascript\">\n\/* <![CDATA[ *\/\n\/*! This file is auto-generated *\/\n!function(d,l){\"use strict\";l.querySelector&&d.addEventListener&&\"undefined\"!=typeof URL&&(d.wp=d.wp||{},d.wp.receiveEmbedMessage||(d.wp.receiveEmbedMessage=function(e){var t=e.data;if((t||t.secret||t.message||t.value)&&!\/[^a-zA-Z0-9]\/.test(t.secret)){for(var s,r,n,a=l.querySelectorAll('iframe[data-secret=\"'+t.secret+'\"]'),o=l.querySelectorAll('blockquote[data-secret=\"'+t.secret+'\"]'),c=new RegExp(\"^https?:$\",\"i\"),i=0;i<o.length;i++)o[i].style.display=\"none\";for(i=0;i<a.length;i++)s=a[i],e.source===s.contentWindow&&(s.removeAttribute(\"style\"),\"height\"===t.message?(1e3<(r=parseInt(t.value,10))?r=1e3:~~r<200&&(r=200),s.height=r):\"link\"===t.message&&(r=new URL(s.getAttribute(\"src\")),n=new URL(t.value),c.test(n.protocol))&&n.host===r.host&&l.activeElement===s&&(d.top.location.href=t.value))}},d.addEventListener(\"message\",d.wp.receiveEmbedMessage,!1),l.addEventListener(\"DOMContentLoaded\",function(){for(var e,t,s=l.querySelectorAll(\"iframe.wp-embedded-content\"),r=0;r<s.length;r++)(t=(e=s[r]).getAttribute(\"data-secret\"))||(t=Math.random().toString(36).substring(2,12),e.src+=\"#?secret=\"+t,e.setAttribute(\"data-secret\",t)),e.contentWindow.postMessage({message:\"ready\",secret:t},\"*\")},!1)))}(window,document);\n\/\/# sourceURL=https:\/\/www.xn--krtler-3ya.com\/wp-includes\/js\/wp-embed.min.js\n\/* ]]> *\/\n<\/script>\n","thumbnail_url":"https:\/\/www.xn--krtler-3ya.com\/wp-content\/uploads\/2020\/05\/afyonkarahisar-kurtleri.jpg","thumbnail_width":640,"thumbnail_height":363,"description":"Es stellt sich die Frage, ob es eine lokale kurdische Bev\u00f6lkerung in Afyonkarahisar gibt, und wir setzen unsere Nachforschungen auf dieser Grundlage fort. Nach der Gr\u00fcndung der Republik wurden sie aus verschiedenen politischen Gr\u00fcnden aus dem Osten und S\u00fcdosten nach Afyonkarahisar verbannt. In Afyonkarahisar gibt es nur eine sehr geringe Anzahl von Kurden. Kurden, die &hellip;"}

Es stellt sich die Frage, ob es eine lokale kurdische Bevölkerung in Afyonkarahisar gibt, und wir setzen unsere Nachforschungen auf dieser Grundlage fort. Nach der Gründung der Republik wurden sie aus verschiedenen politischen Gründen aus dem Osten und Südosten nach Afyonkarahisar verbannt. In Afyonkarahisar gibt es nur eine sehr geringe Anzahl von Kurden. Kurden, die &hellip;
